ve of p**4/4 + 2*p**3 + 7*p**2/2 + 2*p - 338. What are the prime factors of g(n)?
2
Let c = -123 - -125. Suppose 0 = -2*w - c*l + 3*l + 16, 0 = -3*w + 5*l + 38. Suppose -w*t = -8*t + 178. What are the prime factors of t?
89
Let d = -13 + 925. Suppose -4*o + 2*s = -d, -250 = -3*o - 5*s + 421. What are the prime factors of o?
227
Suppose 0 = 2*s - 3*h - 44399, -5*s + 17*h = 14*h - 110975. List the prime factors of s.
2, 19, 73
Let x be (14/6 - 1) + (-10933)/(-87). List the prime factors of x/2*(7 + -5).
127
Let w(g) = 2*g**3 - 13*g**2 - 2*g - 25. Let q be w(7). What are the prime factors of q/((-80)/(-2516)) + (-1)/2?
2, 157
Let c = 40474 + 34480. What are the prime factors of c?
2, 11, 3407
Let y = -1808 - -3016. Let n = -504 + y. What are the prime factors of n?
2, 11
Suppose -31*i + 3960 = 2*i. Suppose -3*j - 9 = 0, 5*j - i = 8*t - 11*t. What are the prime factors of t?
3, 5
What are the prime factors of 1*(2553 - (-210)/(-15))?
2539
Suppose 12*t = 327 + 21. Suppose t*m - 8915 = -2129. List the prime factors of m.
2, 3, 13
Let c(i) = -72*i**2 - 1 + 145*i**2 + i - 67*i**2 - 154*i**2. Let y be c(1). Let w = 270 + y. What are the prime factors of w?
2, 61
What are the prime factors of 0 + 4428 - (-10)/12*6?
11, 13, 31
Suppose 2*j = 3*g - 914, 0 = j - g + 295 + 160. Let h = j - -614. What are the prime factors of h?
163
Let v(c) = 99*c - 97. Let s be v(-4). Let w = -80 - s. List the prime factors of w.
7, 59
Let s = -1282 - 116. Let g = 2153 + s. List the prime factors of g.
5, 151
Suppose -2*i = -0 - 16. Suppose 3 = -7*z + i*z. Suppose -z*y + 382 = 4. What are the prime factors of y?
2, 3, 7
Suppose -3*h - 5*u + 749 = 0, -u = 4*h - 3*u - 1016. Suppose -5*s - 146 = 559. Let c = s + h. What are the prime factors of c?
2, 7
Suppose -56*f - 84750 = -1588462. List the prime factors of f.
2, 7, 137
Let f(o) = -o**3 + 12*o**2 + 2. Let w be f(12). Suppose 3 = 3*l, -w*y = 11*l - 9*l - 538. What are the prime factors of y?
2, 67
Suppose -4*d + 4*k + 2260 = 0, 5*d + 2*k = 3644 - 826. Suppose u = d + 113. List the prime factors of u.
677
Suppose 21*u - 4608 = 3*u. Let k = -111 + u. What are the prime factors of k?
5, 29
Let c = -47 - 127. Let l = c - -115. Let b = l - -181. List the prime factors of b.
2, 61
Let y = -13465 + 18971. List the prime factors of y.
2, 2753
Let t = -30769 - -52857. What are the prime factors of t?
2, 11, 251
Let f(y) = -135*y - 2256. List the prime factors of f(-68).
2, 3, 577
Let p(v) = 3937*v - 6062. What are the prime factors of p(8)?
2, 3, 157
Suppose m - 7342 = -5*g + 24425, -3*g = -m - 19057. What are the prime factors of g?
6353
Let y = -56 - -3310. Suppose -1212 - y = -11*a. List the prime factors of a.
2, 7, 29
Suppose 2*h - 5*b - 39958 = 0, 0 = -4*h - 43*b + 39*b + 79888. List the prime factors of h.
2, 3, 3329
Let u be 5/((-5)/3) - -7. Let z be u + -2 - (-12)/6. Suppose -3*t + z = -t, 3*a + 5*t - 94 = 0. List the prime factors of a.
2, 7
Suppose 148839 = 81*u - 11*u - 743031. List the prime factors of u.
3, 31, 137
Let w = -30 - -27. What are the prime factors of (0 + 1)/((-3)/(w - 903))?
2, 151
Let x(s) = -601*s. Let b(h) = -301*h - 1. Let p(r) = 5*b(r) - 3*x(r). What are the prime factors of p(1)?
293
Let z(x) = 27*x - 89. What are the prime factors of z(24)?
13, 43
Let i(z) = 77*z**2 - 116 + 233 - 117. List the prime factors of i(-2).
2, 7, 11
Suppose 0 = 15*z + 2932 - 73462. What are the prime factors of z?
2, 2351
Let m = 1 + 14. Suppose -10*c + m + 5 = 0. Suppose 3*g - 2*g = -3*j + 15, 5*g = c*j + 143. What are the prime factors of g?
3
Suppose -4*o = -o - 6. Suppose o*a + 19 = 5*f, 16 - 6 = -5*a. Suppose f*k = k + 168. List the prime factors of k.
2, 3, 7
Suppose 0*k + 2*k - 34 = 4*y, 3*k - 4*y - 61 = 0. Let o = 55 - k. List the prime factors of (0 - o/2)*(-5 - -1).
2, 7
Suppose 2*p - 3*n = 4176, 8348 = 4*p + 3*n - 7*n. List the prime factors of p.
3, 5, 139
Let o(j) = 44*j**2 + 122*j + 1136. What are the prime factors of o(-9)?
2, 1801
Let m(f) = -102 + 8*f**2 + 100 + f + 2*f. Let b be m(-3). Suppose -64*y + b*y + 69 = 0. What are the prime factors of y?
23
Suppose 254683 - 760731 = -y - 63*y. List the prime factors of y.
7907
Let h = 56694 - 19658. What are the prime factors of h?
2, 47, 197
List the prime factors of (-6)/12 - ((-131971)/14 + -5).
9431
Let z = -28 + 35. Suppose -z = -8*h + 33. Suppose -352 = -h*y + 213. List the prime factors of y.
113
Let z(x) = 2*x**2 + 16. Suppose y = -139 + 51. Let t = y + 94. List the prime factors of z(t).
2, 11
Let a(h) = 361*h**3 - 2*h**2 + h + 113. What are the prime factors of a(5)?
43, 1051
Let n(t) = 649*t**2 + 125*t - 1237. What are the prime factors of n(10)?
139, 467
Suppose 0 = -176*h + 1174725 + 829387. What are the prime factors of h?
59, 193
Let a = -8420 + 12417. List the prime factors of a.
7, 571
Suppose 3*d + 518 = d. Let l = d - -568. List the prime factors of l.
3, 103
Let w be 2 + (1 + 4 - 5). Let q(d) = 72*d**2 - 3. List the prime factors of q(w).
3, 5, 19
Suppose 0 = w + 974 - 2828. What are the prime factors of 1/(-5) + -78*w/(-135)?
3, 7, 17
Let f = 42 + -38. Suppose 0 = -j, f*j - j - 900 = -5*t. Suppose -3*c = -t - 57. List the prime factors of c.
79
Suppose 0 = 3*y - u + 11, 0 = 5*y - 3*u + 17. Let i be (-1)/y - 10/40. Suppose -161 = 2*n + 2*p - 511, 2*n + 4*p - 348 = i. What are the prime factors of n?
2, 11
Let c(d) = -d**3 + 16*d**2 + 6*d. Let u(f) = -2*f**3 - 19*f**2 + 10*f + 7. Let r be u(-10). List the prime factors of c(r).
3, 7, 23
Suppose 0 = v + 3*m - 5631, v - 5621 = -5*m - 0*m. What are the prime factors of v?
2, 3, 941
Suppose 0 = 4*l + 4*p - 3*p - 5, -l - 5*p = -6. Let n be 4 + (l - 3) + (-4)/4. What are the prime factors of (-12)/(-42) - ((-656)/7 + n)?
3, 31
Suppose -9973 + 3835 = -6*l. Let n = l + -701. List the prime factors of n.
2, 7, 23
Suppose o + 25742 = u + 8134, 70444 = 4*u + 2*o. List the prime factors of u.
2, 3, 5, 587
Let k be (525/420)/((-1)/(-216)). Suppose 1887 = x + k. What are the prime factors of x?
3, 7, 11
Let j = 25 + -23. Suppose 0*d = j*d. Suppose -5*i + d*i + 4*z + 218 = 0, -5*i - z + 208 = 0. What are the prime factors of i?
2, 3, 7
Let b = 1598 + -1106. Suppose 3*h - b + 114 = 0. Suppose -7*q + 308 + h = 0. List the prime factors of q.
2, 31
Suppose -z + 1014 = -1749. List the prime factors of z.
3, 307
Let k(d) = -166*d - 12. Let b be k(6). Let s = b + 1923. What are the prime factors of s?
3, 5, 61
Suppose -w - 2 + 12 = -g, 0 = -3*w + 15. What are the prime factors of -4 + g + (-299)/(-1)?
2, 5, 29
Let p = 1233 - 1246. Let a(j) = -3*j**2 - 17*j - 39. Let i(r) = 16*r**2 + 84*r + 194. Let o(f) = 11*a(f) + 2*i(f). What are the prime factors of o(p)?
37
Let b = 2869 - 1423. What are the prime factors of b?
2, 3, 241
Let c = 33338 - -16480. List the prime factors of c.
2, 3, 19, 23
Suppose 26*w - 15*w = -11*w + 257686. List the prime factors of w.
13, 17, 53
Let b = 132686 + -77958. What are the prime factors of b?
2, 6841
Let b = 3707 + -646. List the prime factors of b.
3061
Let i = -155 + 386. Let q = -138 + i. Let v = q - 56. What are the prime factors of v?
37
Let s(w) = 505*w**3 + 48*w**2 - 157*w + 8. List the prime factors of s(4).
2, 8117
Suppose 0 = 5*w - 2*y - 3050, -y - 1753 = -3*w + 77. Suppose 0 = -10*l - w - 430. Let j = 197 + l. What are the prime factors of j?
3, 31
Suppose 0 = 14*h + 76*h - 1198620. List the prime factors of h.
2, 6659
Let z(p) = 2*p**3 - 14*p**2 + 11*p + 6. Let m be z(6). Suppose 18*y + 3*y - 546 = m. Suppose -35*v = -y*v - 225. List the prime factors of v.
5
Let z(l) = -l**2 - 143*l - 2667. List the prime factors of z(-58).
31, 73
Let a(y) = 1387*y**2 - y + 6. What are the prime factors of a(1)?
2, 3, 29
Let v = 7579 + -880. List the prime factors of v.
3, 7, 11, 29
Suppose 6949 + 1543 = 4*d. Let l = -1476 + d. What are the prime factors of l?
647
Let u = -5378 + 8199. What are the prime factors of u?
7, 13, 31
Suppose 3*j + 46 = 5*j. Suppose -d - j = 13. List the prime factors of 8/d + (-1248)/(-27).
2, 23
Let k = 2 - 0. Let d(v) = -2 - 9 - 7 - k*v. What are the prime factors of d(-12)?
2, 3
Let y(a) = 4*a**2 + 6*a - 1. Let z be (3 - (-33)/(-9))*-27. Suppose -z = 6*k - 0*k. List the prime factors of y(k).
17
Let s(j) = -283*j - 516. List the prime factors of s(-32)